= 9*l. Let b be 4/(6/((-24)/(-4))). Suppose -b*y - 5*f = -y - 550, -l*y = 2*f - 710. List the prime factors of y.
5, 7
Let x(c) = -c**2 - 3*c + 4. Let h be x(-4). Suppose 0 = -l - 5, 3*l = 3*m - h*m - 579. Suppose 4*k - m - 188 = 0. What are the prime factors of k?
2, 47
Suppose -14 = s - 11. Let d be 18/(-12)*(-1 - s). What are the prime factors of 1*((-84)/d - 3)?
5
Let c(u) be the third derivative of -u**5/20 + 7*u**4/24 - 13*u**3/6 - 10*u**2. Let s(b) be the first derivative of c(b). List the prime factors of s(-10).
67
Suppose -261*a = -511*a + 259*a - 108387. List the prime factors of a.
12043
What are the prime factors of -6 + 13 + -1 + (18/3 - -4440)?
2, 3, 7, 53
Suppose -46*b = -99696 - 616340. What are the prime factors of b?
2, 43, 181
Let y be (-9 + 8)*(-23)/2*2. Suppose -y = 3*j + 7. Let s(h) = -h - 1. List the prime factors of s(j).
3
Let o(j) be the third derivative of 2*j**5/3 - 5*j**4/24 + 5*j**3/6 + 12*j**2. Let x be o(3). What are the prime factors of 1 - 9/((-45)/x)?
71
Let i(g) = 39*g**3 + 2*g**2 - 2*g. Let n be i(1). Suppose n*m - 38*m = 316. What are the prime factors of m?
2, 79
List the prime factors of (6 + 1)*(97140/35 - -16).
2, 5, 977
Suppose -56*m + 5*p + 1790 = -55*m, -5*m - 3*p + 8950 = 0. List the prime factors of m.
2, 5, 179
Let c = 1284 - -2172. What are the prime factors of c?
2, 3
Let u be (5 + -9 - -2)*-5. Suppose -4735 - 995 = -u*n. List the prime factors of n.
3, 191
Let k = -516 + 518. Suppose -3038 = -5*p + 2*j, 0 = -k*p - 12*j + 11*j + 1217. What are the prime factors of p?
2, 19
List the prime factors of (-7362397)/(-1274) - (-3)/78.
5779
Let x(i) = i + 7. Let v(r) = -8*r + 3. Let w be -1 + 1/((-2)/(-4)). Let a be v(w). List the prime factors of x(a).
2
Let d(j) = 48*j**2 + 8*j + 90. What are the prime factors of d(-9)?
2, 3, 7, 31
Let i be (434/(-28))/((-2)/4). Suppose -4*r - i = -39. What are the prime factors of (r/6)/((-4)/(-144))?
2, 3
Suppose 4692 = 2*w + 4*a, w - 7*a = -8*a + 2341. Suppose 2*z = 2*m + w, -5*m = 6*z - 3*z - 3512. List the prime factors of z.
7, 167
Suppose 2*m + 3*w + 2 - 29 = 0, -4*m + 4*w + 84 = 0. Let x(v) = v**3 - 16*v**2 - 37*v + 15. Let j be x(m). List the prime factors of 2258/10 + j/(-15).
2, 113
Suppose 0 = 5*p - l - 119777, l = -4722*p + 4724*p - 47915. What are the prime factors of p?
2, 7, 29, 59
Suppose -u - 2*t + 3 = -4, -3*t = 0. Let j(f) = 22*f**2 - 42*f + 2. What are the prime factors of j(u)?
2, 3, 131
Let f = -71088 + 105463. What are the prime factors of f?
5, 11
Let g(y) = y + y**3 - 51 + 55 + 0*y. Let n be g(0). Suppose w = 18 + n. What are the prime factors of w?
2, 11
Let a be 770/28*(-106)/(-5). Suppose -415 = -2*n + a. List the prime factors of n.
499
Let w = 251 - -2739. What are the prime factors of w?
2, 5, 13, 23
Suppose -633*t + 634*t - 5*m - 7637 = 0, -2*m + 30482 = 4*t. List the prime factors of t.
2, 37, 103
Let p = 20583 - 7312. List the prime factors of p.
23, 577
Let g(z) = 83*z**2 + 18*z - 245. What are the prime factors of g(10)?
3, 5, 61
Let r = -3685 - -12685. What are the prime factors of r?
2, 3, 5
Suppose 0 = -u - 2*h + 124, 0 = -2*u - 5*h + 45 + 197. List the prime factors of u.
2, 17
Let q(u) = 3*u**2 - 41*u - 13. Let y be q(14). Suppose a - y = 3*h, 9*h = 2*a + 5*h - 2. Let x(w) = 114*w**3 + w**2 - w + 1. List the prime factors of x(a).
5, 23
Let p(u) = -u**3 - 16*u**2 - 8*u + 38. Let g be p(-12). Let h = 832 + g. List the prime factors of h.
2, 3, 5, 13
Suppose -z - 2 = -b, 2*z = 4*b - 8*b + 38. Suppose -b*y = -g + 497, -4*g = g - 3*y - 2357. What are the prime factors of g?
7, 67
Let r(l) = l + 3. Let x be r(-7). Let g(k) = k**2 - k - 17. Let p be g(x). Suppose p*i + 48 = 222. What are the prime factors of i?
2, 29
Suppose -3*s - d + 68239 = 0, -46*s = -49*s - 2*d + 68237. List the prime factors of s.
23, 43
Let y = -33 + 65. Suppose -3*j = -7*j, -3*j = -4*c - y. What are the prime factors of ((1488/c)/1)/(6/(-4))?
2, 31
Suppose -5*h - 3*k + 18 = -49, -5*h - 4*k + 66 = 0. Suppose 15*c - h*c = 109. Suppose -6*d + c = -17. List the prime factors of d.
3, 7
Let q(t) = 2715*t**2 + 633*t - 1905. List the prime factors of q(3).
3, 17, 479
Let y(j) = -j - 10. Let u be y(-13). Suppose -2*k + k - u*t = 31, 3*t = 3*k + 141. Let o = k + 96. List the prime factors of o.
53
Let i(b) be the first derivative of -b**2/2 + 4*b - 4. Let v be i(-11). Let h(x) = 2*x**2 - 18*x - 22. What are the prime factors of h(v)?
2, 79
Let n(f) = -3 - f - f**3 + 4 + 5 + 12*f**2 - 9*f. Let s be (-1 + -5 + 10 + -3)*11. List the prime factors of n(s).
17
Suppose 0 = -5*p + 875 + 245. Suppose 0 = -4*f + 3*i + 177, 0*f = 5*f - i - p. What are the prime factors of f?
3, 5
Let l be 24/(-20)*(-25)/2. Let g be ((-22)/8)/(l/(-7620)). Suppose -17*v + 2275 = -g. What are the prime factors of v?
2, 3
Suppose 10*c - 2420 = -0*c. Suppose 0 = -2*a + 30 + c. What are the prime factors of 10/2 + -3 + a?
2, 3, 23
Let c = 4 + 0. Let q be 6189/15 - 1 - (-6)/(-10). Suppose o + q = c*o. List the prime factors of o.
137
Suppose -14*j + 39 = -17. Suppose 0 = -12*z + j*z + 2592. List the prime factors of z.
2, 3
Let n(h) = 66*h**2 + 98*h + 773. What are the prime factors of n(-8)?
11, 383
What are the prime factors of ((-265)/530)/(((-2)/(-50292))/(-1))?
3, 11, 127
Let s = -286 + 602. Suppose 3*f - 5*d - s = -11, -d + 422 = 4*f. Suppose -3*j = -f - 207. List the prime factors of j.
2, 13
Suppose 725*h = 723*h + 6, 4*r = -4*h + 157320. List the prime factors of r.
3, 13109
Suppose -2499*w + 44928 = -2483*w. What are the prime factors of w?
2, 3, 13
Let r(x) = 2*x**3 + 48*x**2 - 28*x + 20. Let b(g) = -4*g**3 - 97*g**2 + 54*g - 40. Let j(i) = 3*b(i) + 5*r(i). List the prime factors of j(-27).
11, 13
Suppose -5*f - 1 = h, -f + h + 78 - 77 = 0. Let x(d) = 2*d - 7. Let r be x(5). Suppose f = 5*q - 4*v - 63 - 63, -q = -r*v - 34. What are the prime factors of q?
2, 11
Let v(n) = n**3 - 37*n**2 + 28*n + 45. Let l(k) = k**3 - 36*k**2 + 28*k + 43. Let z(o) = 7*l(o) - 6*v(o). List the prime factors of z(29).
2
What are the prime factors of (303790/3)/2 + (-24)/36?
3, 7, 2411
What are the prime factors of (-4)/(-9 - -7)*673?
2, 673
Let z = -27059 - -47121. List the prime factors of z.
2, 7, 1433
Suppose -2*y + 2*u = -5*y - 20, 4*u = 2*y - 8. Let r be (-2 - y - 5) + 9. What are the prime factors of 2/12*r*307?
307
Let o(s) = -s**2 - 33*s - 35. Let w be o(-24). Suppose -m + w - 75 = 0. Suppose -2*h + m + 84 = 0. List the prime factors of h.
5, 19
Let n(g) = -5*g**3 + 1. Let z be n(-1). Let y = 33 - z. Suppose a + y = 2*f - 154, 266 = 3*f + 4*a. List the prime factors of f.
2, 3, 5
Let g be (0 + 10)/(25/10). Suppose -4*f = -2 + 6, 2*s - g*f - 4 = 0. Suppose s = -3*c + 3*r + 21, -2*c - 3*r + 2*r = -26. List the prime factors of c.
11
Let p(d) be the first derivative of -d**3/3 - 11*d**2/2 - 20*d - 12. Let y be p(-3). Suppose y*m = 6*m - 4*k - 506, -4*k = 0. What are the prime factors of m?
11, 23
Suppose 5*t + u = -36, 2*t = -3*t + 4*u - 31. Let k = t + 12. Suppose 225 = k*w + 30. List the prime factors of w.
3, 13
Let n(q) = 2*q**3 + 114*q**2 - 163*q + 176. List the prime factors of n(-58).
2, 1451
Suppose -1418*b + 214880 = -1386*b. What are the prime factors of b?
5, 17, 79
Let j be (10648/33)/11*210/(-4). What are the prime factors of ((-104)/(-65))/((-2)/j*2)?
2, 7, 11
Let c be (140/(-8))/7*-18. Let q = c - -261. What are the prime factors of q?
2, 3, 17
Let u(j) = 976*j**3 - 7*j**2 - 14*j - 8. Let k(l) = -325*l**3 + 2*l**2 + 5*l + 3. Let p(q) = -11*k(q) - 4*u(q). What are the prime factors of p(-1)?
3, 37
Let v = 197 + -195. List the prime factors of (v + (-20)/12)/(6/10872).
2, 151
Suppose q - 27204 = -q + 30818. List the prime factors of q.
67, 433
Let l = -185500 + 274615. List the prime factors of l.
3, 5, 13, 457
Let a(n) = -3*n**3 + 117*n**2 + 17*n + 77. List the prime factors of a(30).
41, 607
List the prime factors of ((32 - -120812) + 23)/((-6)/(-4)).
2, 40289
Let r = 9 + -312. Let a = -140 - r. Let t = -35 + a. List the prime factors of t.
2
Suppose 22*x + 55 = 11*x. Let z(y) be the first derivative of 7*y**3/3 + 6*y**2 + 2*y - 1. What are the prime factors of z(x)?
3, 13
Suppose 2*b - 1 = 3*j + b, -5*j + 5 = 5*b. Suppose -2*c + 3*c - 2 = j. Suppose 4*q - 376 = 4*z, -q - 2*q - c*z +